What are the prime factors of h?
2, 5, 7
Let d = 750 - 176. What are the prime factors of d?
2, 7, 41
Let p = 18 + -20. What are the prime factors of (2/6)/(p*(-1)/852)?
2, 71
Let r = 16 - 12. Suppose -2*h = -8, -r*j - 2*h = -0*j - 604. List the prime factors of j.
149
Let y = 13 - 5. Let g be y/4*(1 + 0). Suppose 2*b + 4*s - 90 = 0, -g*b + s + 44 = -21. List the prime factors of b.
5, 7
Suppose 3*m - 5 - 7 = v, -111 = 5*v + 2*m. Let f(a) = -a - 24. Let i be f(-18). List the prime factors of 7/(v/i) + 14.
2
Let n be (-2)/(-3*10/(-315)). What are the prime factors of 18 + -1 + (n - -24)?
2, 5
Suppose -m = 1 - 3. Suppose m*d - 47 = d. What are the prime factors of d?
47
Let j(z) = -3*z + 6. Let t be j(-5). Suppose 3*m + 10 = -l - t, -4*m - 36 = l. What are the prime factors of -6*l/4 + 3?
3
Suppose 23 = m + 5*q, -4*m + 2*q + 38 = 12. Let u = 7 + m. Suppose -u = -t + 15. What are the prime factors of t?
2, 3, 5
Let n(k) = k**2 - 6*k + 5. Let y be n(5). Suppose y = 2*v - 47 + 9. Let w = 32 - v. List the prime factors of w.
13
Let x be 20 - -1 - (-18)/6. Let m = -9 - 8. Let g = x + m. List the prime factors of g.
7
Let m(f) = 78*f**3 - 6*f**2 - 4*f + 17. List the prime factors of m(3).
11, 17
Let b = 208 + -302. Let k = b + 132. List the prime factors of k.
2, 19
Let c = 53 - 40. Suppose y + 4*d - c = 31, 3*d - 168 = -3*y. List the prime factors of y.
2, 3, 5
Let q(r) = 4*r**2 + 34*r + 42. List the prime factors of q(-18).
2, 3, 11
Suppose -4*b - 6*i + i + 6 = 0, b + 6 = -5*i. Suppose -3*y - 162 = -3*s, -4*s + 54 = b*y - 146. What are the prime factors of s?
2, 13
Suppose 0 = 2*l - 23 - 5. Suppose -l = 2*v - 48. Suppose 4*k - 17 = -5*q, -2*q + 5*q - v = k. List the prime factors of q.
5
Let p(l) = 16*l + 16. Let i be p(-4). Let t = 158 + i. List the prime factors of t/3 - 12/(-36).
37
Let o(r) = 31*r - 2. Let a be o(4). Let z = -85 + a. What are the prime factors of z?
37
Let j = 18 + -13. Suppose j = x, -2*x + 20 = -0*m + 5*m. What are the prime factors of (-4)/2*(-37)/m?
37
Let x(l) be the third derivative of -7/6*l**3 + 0*l + 5/24*l**4 + 3*l**2 + 0. What are the prime factors of x(4)?
13
Suppose 3*c - 4*c = -5. Suppose -c*r - 5*z = -240, -2*r + 108 = -5*z + z. What are the prime factors of r?
2, 5
Let p(x) = 5*x - 2. What are the prime factors of p(7)?
3, 11
Let c(f) = 4*f - 4. Let g be c(3). What are the prime factors of g - 6 - -134*1?
2, 17
Suppose 7 = 5*d - 3. Suppose 44*q - 48 = 43*q. Suppose -q = -o + 2*v, 54 = o - d*v - 3*v. List the prime factors of o.
2, 11
Let y(i) = 2*i + 11. Let c be y(-4). Let p(v) = -v**2 + 7*v - 5. List the prime factors of p(c).
7
Suppose -5*r + 3*s = -255, -3*s + 15 = -0*s. Suppose -3*w + 3*j + r = 0, 51 = -0*w + 3*w - 2*j. What are the prime factors of w?
3, 5
Let x(f) = -4*f - 5. Let s be x(-3). Suppose 2*b = 17 + s. Suppose 26 = 3*o + 2*u, u = 4*o - 2*u - b. What are the prime factors of o?
2, 3
Suppose h - 7 + 4 = 0. Let n be -16 + (3 - (h - 1)). List the prime factors of (12/(-5))/(n/200).
2
Suppose 6757 + 14868 = 25*t. List the prime factors of t.
5, 173
Let h(j) = -j**2 + 47*j + 15. List the prime factors of h(24).
3, 7
What are the prime factors of 27/(-21) + 1 + (-17546)/(-14)?
7, 179
Suppose -2*f = -3*f + 1. Suppose -5*j + 2*q + 3*q = -25, 20 = -3*j - 4*q. What are the prime factors of j + 2/f + 7?
3
Let a = -565 - -1045. What are the prime factors of a?
2, 3, 5
Let n(t) = -t**2 - t + 3. Let d be n(0). Let r(z) = -8*z**3 - 3*z - 3. Let k be r(d). What are the prime factors of k/(-9) - (-2)/3?
2, 13
List the prime factors of (174/(-3) + -3)/((-3)/12).
2, 61
Let h(v) = 2*v**2 - 6*v. Let l be h(5). Let b be (l/(-7))/((-2)/7). Suppose 2*c - d - b = 0, 12 + 8 = 3*c + d. List the prime factors of c.
2, 3
Suppose 0 = -2*h - 7 - 1, 0 = z + 5*h + 21. Let p be 3*(-1 + 2) - z. Suppose -u - p + 35 = 0. What are the prime factors of u?
31
Let p = 1 + 21. What are the prime factors of p - (1 + -2 - -2)?
3, 7
Suppose 3*n + 20 = 32. Suppose -335 = -n*p + 953. What are the prime factors of p?
2, 7, 23
Let v(h) = 5*h**3 + h**2 - 9*h - 3. List the prime factors of v(4).
3, 11
Suppose -4 = -4*s, -f + 0*f = s - 572. What are the prime factors of f?
571
Suppose -3*o - m = -4566, -5*o + 7945 = -m + 327. List the prime factors of o.
1523
Let q(f) = -f + 3*f + 12 + 4*f. What are the prime factors of q(6)?
2, 3
Let x(l) = l + 236. List the prime factors of x(5).
241
Let m(s) = -s - 11. Let h be m(-11). Suppose 100 = 5*j - 5*a, h = -2*j + 7*j - 3*a - 98. Suppose -4*f + 3 = -f, -j = -u + 4*f. What are the prime factors of u?
23
Let s = -60 - 38. Let c = s + 224. What are the prime factors of c?
2, 3, 7
Suppose -5*m - 5*f = -10, -m + 1 = -4*f + 9. Let l = m - -13. Let h = 18 - l. What are the prime factors of h?
5
Suppose 2*u + 32 + 0 = 0. Let k = 40 + u. List the prime factors of k.
2, 3
Suppose -906 = -12*d + 11082. List the prime factors of d.
3, 37
Let g(v) = -4*v**2 + 6*v + 9. Let a be g(5). Let k = 46 - a. List the prime factors of k.
107
Suppose n - 20958 = -4*g, -4*n + 6 = 14. What are the prime factors of g?
2, 5, 131
What are the prime factors of 1*3*-2*41440/(-48)?
2, 5, 7, 37
Let n = 26 - 50. Let d = 57 - n. List the prime factors of d.
3
Let t(b) be the second derivative of -b**5/20 - 7*b**4/6 - b**3 - 5*b**2/2 + 4*b. List the prime factors of t(-14).
79
Let k(s) = 3*s**2 + s + 8. Let l(m) = m**3 - 13*m**2 + m - 18. Let p be l(13). List the prime factors of k(p).
2, 3, 13
Let i(l) = 1377*l**2 - l + 3. What are the prime factors of i(1)?
7, 197
Let n(a) be the first derivative of a**4/4 - 10*a**3/3 - 8*a**2 - 6*a - 47. List the prime factors of n(12).
2, 3, 5
Suppose 40491 = 11*m + 10494. What are the prime factors of m?
3, 101
Suppose 5*j - 7510 = -5*s + s, -4*s = 3*j - 4514. What are the prime factors of j?
2, 7, 107
Suppose 10*r = -3*r + 3302. What are the prime factors of r?
2, 127
Let z be (-42)/4*(-3)/(-9)*-2. Suppose 3*o + 220 = 2*r + z*o, -5*r - 3*o + 578 = 0. What are the prime factors of r?
2, 59
Let j be 2/6*(-120)/(-8). Suppose 2*q + 3*q = j. Suppose -2 = -k + q. List the prime factors of k.
3
Suppose 0 = -v - 2*v. Suppose -4*g = -3*z - 4 + 16, 3*g = v. Suppose z*c = 2*n - 0*c - 38, 4*c = -8. What are the prime factors of n?
3, 5
What are the prime factors of (3 + -2)/(-3) + 439003/237?
2, 463
Let x be 3*(-3 + (1 - -1)). Let q(s) = 2*s**3 + 10*s**2 + 3. Let o be q(-7). What are the prime factors of o/(-3) + x/9?
2
Let o be (-1506)/(-12) + -1 + (-1)/2. Let z = o + -64. List the prime factors of z.
2, 3, 5
Let k(l) = l - 6. Let n be k(-4). Let t be n/2*(-12)/15. List the prime factors of ((-2)/t)/(8/(-368)).
23
Suppose -4*j - 482 + 1794 = 0. What are the prime factors of j?
2, 41
Let u(l) = 122*l**2 + 28*l + 100. List the prime factors of u(-4).
2, 5, 97
Suppose m - 3*m = 0. Suppose 0 = -4*z - m + 36. What are the prime factors of (-1)/1*1 + z?
2
Let t(q) be the first derivative of 7*q**4/4 - 2*q**3/3 + 2*q + 3. Let c be t(2). Suppose -5*p + 42 = 4*y, 5*y = 2*p + 2*p - c. What are the prime factors of p?
2, 5
Let t = 74 + -46. Suppose 3*c - t = 20. List the prime factors of c.
2
Suppose 2*s = -3*d - 2*d + 3, 2*s - 3*d = 43. Let h be (-436)/6*21/s. Let j = 155 + h. What are the prime factors of j?
2, 23
Suppose 6*a + 2*a - 232 = 0. Suppose -5*v = -4*v - p - 5, 0 = 5*v - 3*p - a. Suppose 0 = -2*o + v*o - 35. List the prime factors of o.
7
What are the prime factors of 166 + -174 + 2735 + -1?
2, 29, 47
Let f be -1*3 - (-3 + 7 - 2). Let l(w) = -14*w - 14. List the prime factors of l(f).
2, 7
Let b = 886 + -722. List the prime factors of b.
2, 41
Let s = -757 - -1260. List the prime factors of s.
503
Let q = 205 - 347. List the prime factors of (-33)/44 + q/(-8).
17
Suppose 2*a - 7*a - 345 = 0. Let j be -1 - 0 - 45 - -3. Let y = j - a. List the prime factors of y.
2, 13
Let c(t) = -t**3 - 4*t**2 + 5*t + 4. Let v(m) = -m**2 - 2*m - 6. Let j be v(0). List the prime factors of c(j).
2, 23
Let b(c) = 13*c**2 + 74*c - 12. List the prime factors of b(-13).
1223
Let k be 810/(-12)*8/10. Let o = k + 264. What are the prime factors of o?
2, 3, 5, 7
Let r be (0/(-5) - 0)/(4/(-2)). Suppose -3*m - a + 350 = r, 4*a - 134 = -m - 10. List the prime factors of m.
2, 29
Let w be -1 + (-10)/(-14) + (-2463)/(-21). Let g = w + 4